Suppose 0*j + q - 81 = 4*j, 4*q = 5*j + 104. What is the tens digit of 12/j - 0 - 426/(-10)?
4
Let i(l) = 14*l**2 - 19*l + 23. What is the tens digit of i(8)?
6
Let h(b) = 2*b**3 + 0 - 3*b**3 + 1 - 4*b**2. Let m be h(-4). Suppose -m - 2 = -z. What is the units digit of z?
3
Let q = 42 + -37. Suppose 3*a - 105 + 23 = -q*m, 5*a = -5*m + 150. What is the tens digit of a?
3
Let c = -26 - -23. Let g(b) be the first derivative of b**3 + 3*b**2/2 + 2*b - 2. What is the units digit of g(c)?
0
Let s = 44 - 51. What is the hundreds digit of s/(-14) - 14/(-4)*71?
2
Let o = 92 - 92. Let v = 9 + -2. Suppose -f + 0 + v = o. What is the units digit of f?
7
Let k = -69 + 305. What is the units digit of k?
6
Suppose -2*i + 6*i + 4 = 0. What is the units digit of 3 + -5 + 47 + i + -1?
3
Suppose -239*r + 215*r = -96288. What is the thousands digit of r?
4
Let k be -1 + 16/1 - (-10 + 14). Let q(g) = 2*g**2 + g - 7. What is the units digit of q(k)?
6
Let y(d) = 2*d**3 + 19*d**2 + 5*d + 6. What is the tens digit of y(8)?
8
Let m be 137 - (-4)/(-4) - 1. Suppose -2*g = d - 0*d - 153, 2*g = 5*d + m. What is the units digit of g?
5
Suppose -f + 3*c + 294 = 0, -4*f - 2*c + 319 = -3*f. Suppose -7*i + f = -209. What is the units digit of i?
4
Suppose 5*l + 19961 = 6*w + 5589, l = 3*w - 7189. What is the units digit of w?
7
Suppose -3*a - 295 = -5*s - 5*a, 4*a + 208 = 4*s. Suppose -227 = -2*n + s. What is the tens digit of n?
4
What is the hundreds digit of 4/(-2*(3 + -4)) - -195?
1
Let m(b) = 2*b**2 + 16*b + 8. Let k be m(-7). Let d be (15/5)/(k/(-8)). Suppose 4*c + 0*c = 16, d*c + 170 = 3*x. What is the units digit of x?
2
Let r = 3 - 21. Suppose 11 = -3*q + 2. What is the tens digit of ((-15)/(-6))/(q/r)?
1
Suppose -k + 0*k = 0. Suppose k = 5*c - 0*c - 295. What is the tens digit of c?
5
Let z(s) = 11*s**3 + 3*s**2 - s. Let k be z(2). Suppose -40 = 7*i - 2*i. What is the units digit of (-1)/4 - k/i?
2
Let x be (12/15)/(4/(-40)). What is the units digit of 3/((-28)/x + -2)?
2
What is the hundreds digit of (-190845)/(-30)*9/(108/8)?
2
Let a(x) = 6 - 7*x**2 + 1 - 2*x**2 - x**3 - 3. Let t be a(-9). Suppose -t*w + 180 = 24. What is the units digit of w?
9
Suppose 0 = -2*x - 2*j + 4, 2*x - 2*j = -0*j + 12. What is the units digit of 19 + -7 + x*1?
6
Let i(m) = 805*m - 109. What is the units digit of i(2)?
1
Suppose 2*l + 2*q - 10 = 0, 5*l - 2*q + 8 + 2 = 0. Let w be -3 + (-1)/(-1) + l. Let o = 8 - w. What is the units digit of o?
0
Suppose 5*r = -27 - 18. Let a = r + 7. Let d(s) = -2*s**3 + 3*s**2 + 3*s + 1. What is the units digit of d(a)?
3
Let f(x) = 4*x**3 - 53*x**2 + 49*x + 12. What is the tens digit of f(15)?
2
Let v(w) = w**3 + 12*w**2 + 8*w - 4. Let k(d) = d**3 + 9*d**2 + 8*d - 11. Let o be k(-8). What is the units digit of v(o)?
9
Suppose z - 732 = 493. What is the thousands digit of z?
1
Suppose -i + 2*i + 88 = -4*v, 2*i = 0. Let g = 178 + v. What is the tens digit of g?
5
Let i(j) = -j**2 - 8*j + 10. Let f be i(-9). Suppose 5*d = 9 + f. What is the tens digit of d*-15*(-8)/6?
4
Suppose 0 = 2*o + 3*o - 220. Suppose 3*f - 7 = o. Suppose -y + 8 = s + 2*s, 4*y - f = 3*s. What is the units digit of s?
1
Suppose -3*n = q - 41, 6*n - 57 = n + 4*q. Suppose -220 = 620*j - 598*j. Let b = n - j. What is the units digit of b?
3
Suppose 2*f + 4*d + 84 = 3*d, f - 3*d = -28. Let r be (-4)/(-14) + f/(-7). What is the tens digit of 136/r - 16/24?
2
Suppose -2*j + 2*m - 14 = 4*m, 21 = -3*j + 2*m. Let x = -5 - j. Suppose 5*u - x*o - 2*o = 132, 4*u = 3*o + 106. What is the units digit of u?
8
What is the hundreds digit of 934/(-5)*(-15)/6?
4
Let c(o) = 2*o. Let z be c(-1). Let v be -42 + (z/(-2))/(-1). Let h = 86 + v. What is the units digit of h?
3
Suppose -3*c = -2*c - 626. Suppose -4*a + 2*a + c = 4*b, 5*b + 2*a = 781. What is the units digit of b?
5
Suppose -11*j + 6488 = 1142. What is the hundreds digit of j?
4
Suppose t - 211 = -4*x, -5*t = 3*x - 2*x - 979. What is the tens digit of ((-16)/20)/((-3)/t)?
5
Let w(h) = 4*h - 15. Let d be w(6). Let y(g) = 2*g**2 - 7*g + 10. Let o be y(d). Let q = o - 45. What is the units digit of q?
4
Let l = 17 - 39. Suppose 5*i + 5 = -v - 37, -2*v + 6 = 0. Let r = i - l. What is the units digit of r?
3
Suppose -4*z - 180 = 4*x, 0*z + 5*x = 4*z + 189. Suppose -53 = -4*m + 255. Let b = m + z. What is the tens digit of b?
3
Let g(l) = -57*l - 374. What is the units digit of g(-21)?
3
Suppose -2*q + 3*r = 2, 39 = 4*q + r + 15. Suppose -n - 50 = -4*h + 10, -q*n + 3*h = 249. What is the units digit of n/(-2)*(-24)/(-16)?
6
Suppose 3*v + 2 = 8. What is the units digit of ((-1188)/24)/(58/32 - v)?
4
Suppose 0 = b + 1, u + 0*u + 4*b = -12. What is the units digit of u - -8 - 23*-2?
6
Let u(c) = -c**3 + 22*c**2 + 28*c + 7. Let z be u(23). What is the tens digit of -2*3/(-4)*z?
8
What is the hundreds digit of (-280477)/(-303) - 4/6?
9
Let h(r) be the second derivative of 4*r**3/3 - 2*r**2 - 4*r. Let w = -8 - -12. What is the tens digit of h(w)?
2
Let a = -970 + 1086. What is the units digit of a?
6
Let i(a) = -3*a**2 - 39*a + 18. Let q be i(-16). Let t = q - -313. What is the units digit of t?
7
Suppose -5*w = 2*g + 132 + 68, 5*w + 200 = -3*g. Let s = -2 + -4. What is the units digit of 1*w/6*s?
0
Let x(w) = -w**2 + 38*w + 48. Let y be x(38). Let i be -1 + 13*-1 + 0. Let f = i + y. What is the units digit of f?
4
Let l(i) = -7*i**3 - 2*i**2 - 3*i + 6. Let p be l(-4). Suppose 0 = 2*n - 0*n - 2*f - 288, 3*n = 5*f + p. What is the hundreds digit of n?
1
What is the thousands digit of (43472/(-112) - -18)/(1/(-7))?
2
Suppose 0 = -m - 3*k + 18, 26 = -2*m + 4*m + 4*k. Suppose -m*x + 62 = -103. What is the tens digit of x?
5
Let j(y) = y**3 - 15*y**2 - 7*y + 227. What is the thousands digit of j(18)?
1
Suppose -2*n + 64 = -36. Let i be 4/(-16) + n/8. What is the tens digit of 12/i + 1*11?
1
Let b = 5 - 1. Suppose r = b*r + 102. Let u = -18 - r. What is the tens digit of u?
1
Let p be 1 - -154 - (-1)/1. Suppose -5*g - 14 = 3*x, 2 = -4*x + x - 2*g. What is the tens digit of 0 - p/(-4) - x?
3
Let c(a) = -a**3 + 13*a**2 - 11*a - 2. Let j be c(12). Let l(k) = -10 + 8 - 9*k**2 - 9*k + k**3 + 15. What is the units digit of l(j)?
3
Suppose -d + 1231 = 4*d + 2*h, -d = -3*h - 253. What is the hundreds digit of d?
2
Let l = -164 - -362. What is the units digit of l?
8
Let j be ((-1)/(-2))/(15/90). Suppose -j*l = -0 - 45. What is the units digit of l?
5
Suppose 5*q - 25 = 4*c, 3*c + 7 = q - 9. What is the units digit of 43 - (q + (-9)/3)?
5
Suppose -4*w = -v + 216 - 1777, 0 = 3*w - 4*v - 1174. What is the hundreds digit of w?
3
Suppose 0 = 4*y + 15 + 17. Let j be (-4)/y*10*1. Suppose j*c + z = 73, 3*c + 2*c - z - 67 = 0. What is the units digit of c?
4
Let o = 344 + -140. Suppose -12*u = -10*u - o. What is the tens digit of u?
0
Let s(c) = -c**3 + 6*c**2 - c + 9. Let i be s(6). Let m be (1 - -19)/(1/1). Suppose i*n - m = 139. What is the units digit of n?
3
Let q be -12*(-24 + (-2)/((-16)/(-4))). Suppose q = 7*d - 5*d. What is the hundreds digit of d?
1
Suppose 5*j + 7*t = 5*t + 575, 3*j = t + 345. What is the tens digit of j?
1
What is the thousands digit of (-15)/10*(-47568)/36?
1
Suppose 0 = -3*j + 8 - 2. Let z be -3*7/(-2)*j. Suppose -4*m + 36 = -3*v - v, m - 4*v - z = 0. What is the units digit of m?
5
Let i = 0 + 8. Let p be (-19 - -15)*(-590)/i. What is the units digit of 5/(25/p) + -3?
6
Let y(g) be the second derivative of g**5/20 + 7*g**4/4 + 3*g**3 - 8*g**2 + 5*g. What is the tens digit of y(-20)?
2
Suppose 3*p - n = 14, -4*p + 0*n = -2*n - 20. Suppose 2*a + 2*f = p*f, 5*f = 4*a + 4. Suppose a*l - 110 + 10 = 0. What is the units digit of l?
5
Suppose 0 = x + 2 + 3, y = -4*x - 20. What is the tens digit of (-1)/((-1)/25 - y)?
2
What is the hundreds digit of (69/46)/((-16113)/16122 - -1)?
6
Let u be (20 - (-1 + 0))/((-2)/(-6)). Let j = 191 - 86. Let s = j - u. What is the units digit of s?
2
Let n(s) be the second derivative of s**5/20 - 4*s**3/3 + 5*s**2 - 11*s. What is the units digit of n(4)?
2
Let k be 42/(-9)*(-6)/7. Let j be (-13)/(-5) - k/(-10). Suppose -5*d + j*f - 76 = -332, 0 = -3*d - 2*f + 165. What is the units digit of d?
3
Suppose 0 = -9*m + 7*m + p - 29, 5*p + 42 = -m. What is the tens digit of ((-26)/8)/((m/44)/17)?
4
Let o = -59 - -81. Let p(y) 